7).
7
Let o(j) = j**3 - 13*j**2 + 98*j - 1012. Calculate o(12).
20
Let f(x) = -3*x**3 - 88*x**2 + 118*x + 1736. Give f(-30).
-4
Let w(i) = 8*i**2 + 2392*i + 7091. Calculate w(-296).
-13
Let n(z) = 22*z - 257. Determine n(11).
-15
Let g(j) = -31*j - 2408. Calculate g(-76).
-52
Let d(p) = 8*p**2 - 1782*p + 1334. Calculate d(222).
2
Let i(g) = 51*g - 327. Determine i(6).
-21
Let x(q) = 289*q + 864. Calculate x(-3).
-3
Let d(m) = -941*m**2 + 2819*m + 1. Give d(3).
-11
Let i(d) = 152*d + 5159. Give i(-34).
-9
Let w(l) = 3*l**2 - 32*l - 38. Give w(8).
-102
Let m(w) = -w**2 - 5*w + 315. Give m(16).
-21
Let n(s) = -s**2 + 7333*s - 58595. Determine n(8).
5
Let n(b) = 1629*b + 6282. Determine n(-4).
-234
Let t(y) = -11*y**3 + 3*y**2 + 3*y. Calculate t(-1).
11
Let i(y) = -y**3 - 12*y**2 + 66*y + 23. What is i(-16)?
-9
Let d(b) = -b**3 + 6*b**2 - b + 38. What is d(7)?
-18
Let s(d) = 2*d**3 - d**2 - 57*d - 8. Give s(0).
-8
Let c(w) = -35*w + 456. Determine c(13).
1
Let r(h) = 138*h - 3611. Give r(26).
-23
Let n(y) = 19*y + 318. Determine n(-17).
-5
Let o(r) = r**2 + 13*r - 3. What is o(-12)?
-15
Let h(m) = m**3 + 7*m**2 - 4*m - 42. Determine h(5).
238
Let g(d) = -d**3 + 39*d**2 + 86*d - 157. Give g(41).
7
Let p(a) = -67*a - 4. What is p(2)?
-138
Let w(m) = -6*m**3 + 3*m**2 - 2*m + 6. What is w(2)?
-34
Let x(v) = v**3 + 8*v**2 + 43*v + 362. Determine x(-8).
18
Let i(t) = 5*t**3 - 11*t**2 - 2*t - 28. Determine i(4).
108
Let d(z) = 7*z**2 + 98*z + 283. What is d(-6)?
-53
Let n(d) = -d**3 - 39*d**2 + 82*d - 81. Give n(-41).
-81
Let a(d) = -372*d - 3724. Calculate a(-10).
-4
Let q(k) = -19*k**3 - 4*k**2 + 29*k + 29. Give q(-1).
15
Let y(l) = -l**2 - 7211*l - 21618. Determine y(-3).
6
Let i(x) = -x**2 - 76*x - 651. Determine i(-10).
9
Let y(d) = d**3 + 55*d**2 - 168*d - 11. Determine y(3).
7
Let k(h) = 67*h**3 + 6*h**2 + 7*h - 8. What is k(1)?
72
Let h(l) = 125*l**2 - 1365*l - 112. Calculate h(11).
-2
Let z(v) = -v**2 + 35*v + 6941. Determine z(-68).
-63
Let t(s) = -19*s + 208. Calculate t(12).
-20
Let j(l) = -l**3 - 10*l**2 + 15*l + 163. What is j(-10)?
13
Let c(z) = -2*z**3 + 24*z**2 + 40*z - 174. Determine c(13).
8
Let h(u) = 5*u**2 - 54*u - 143. What is h(13)?
0
Let c(o) = -o**2 - 35*o - 122. Give c(-31).
2
Let s(y) = 50*y + 167. Calculate s(-3).
17
Let u(d) = 95*d - 1118. Determine u(12).
22
Let x(h) = -8*h - 250. What is x(-36)?
38
Let z(g) = g + 145. Give z(-40).
105
Let a(i) = 2*i**2 - 12*i - 126. What is a(-10)?
194
Let c(i) = 10*i**2 - 77*i - 809. Determine c(-9).
694
Let o(p) = p**3 + 13*p**2 - 50*p - 8. Calculate o(-16).
24
Let w(t) = -24*t - 490. Calculate w(-20).
-10
Let g(m) = -792*m - 5612. What is g(-7)?
-68
Let x(k) = 2*k + 166. Calculate x(-44).
78
Let z(h) = 48*h**2 + 58*h. Determine z(-3).
258
Let k(s) = -s**2 + 19*s + 124. What is k(26)?
-58
Let u(y) = -3*y**2 - 37*y - 68. What is u(-10)?
2
Let u(w) = -7*w**3 - 63*w**2 + 73*w + 29. Calculate u(-10).
-1
Let z(v) = 2*v**2 - 3*v + 5. Give z(4).
25
Let o(d) = -2*d**3 + 75*d**2 - 31*d - 218. Determine o(37).
4
Let p(z) = -z**3 + 22*z**2 - 4*z - 55. Calculate p(22).
-143
Let z(h) = 7*h**2 - 46*h + 94. Determine z(3).
19
Let b(d) = d**2 - 267*d + 1319. Determine b(5).
9
Let a(s) = s**3 + 12*s**2 + 33*s. What is a(-3)?
-18
Let q(m) = -23*m + 12. Give q(4).
-80
Let i(t) = -13*t**2 + 2*t + 4. Give i(4).
-196
Let o(u) = -2*u**2 - 9*u + 55. Calculate o(-12).
-125
Let q(w) = 283*w**2 + 2548*w + 20. Calculate q(-9).
11
Let y(b) = -71*b - 582. Give y(-8).
-14
Let x(g) = 27*g**2 + 112*g + 8. What is x(-4)?
-8
Let u(h) = -h**2 - 25*h + 93. Determine u(-25).
93
Let y(k) = -146*k**2 - 40*k + 40. Give y(1).
-146
Let a(u) = -2*u**3 + 9*u**2 + 19*u - 84. Give a(3).
0
Let a(j) = -32*j - 997. Determine a(-32).
27
Let b(d) = 6*d + 169. Give b(-29).
-5
Let d(f) = -f**2 - 904*f - 8056. Give d(-9).
-1
Let q(p) = 87*p + 655. Calculate q(-7).
46
Let g(q) = 163*q + 3581. Give g(-22).
-5
Let c(x) = -4*x + 270. Determine c(72).
-18
Let u(b) = 19*b + 1023. Calculate u(-16).
719
Let b(r) = -106*r + 1896. Determine b(18).
-12
Let i(a) = 2*a**3 - 10*a**2 - 7*a - 16. Give i(6).
14
Let o(t) = t**2 - 8*t + 77. Calculate o(0).
77
Let q(h) = h**3 - 10*h**2 - 65*h + 448. Determine q(12).
-44
Let u(b) = 4*b**2 - 62*b - 1161. What is u(-11)?
5
Let a(d) = -12*d + 14. Give a(3).
-22
Let u(g) = -108*g**2 + 753*g - 15. Give u(7).
-36
Let l(d) = -18*d**2 + 127*d - 115. Give l(6).
-1
Let u(o) = 2*o**2 - 16*o + 3. What is u(7)?
-11
Let s(j) = j**3 + 8*j**2 - 5*j - 42. Determine s(-8).
-2
Let v(l) = -l**3 + 18*l**2 - 75*l - 36. Give v(11).
-14
Let g(i) = 836*i - 4285. Calculate g(5).
-105
Let w(u) = -u**2 - 428*u - 3363. Give w(-8).
-3
Let b(f) = -53*f + 113. Calculate b(2).
7
Let c(q) = -q**3 - 35*q**2 - 282*q - 43. What is c(-23)?
95
Let l(k) = -17*k**3 - 4*k**2 - k - 36. Give l(0).
-36
Let b(x) = 19*x**2 + 323*x - 10. Determine b(-17).
-10
Let q(n) = n**2 + 18*n - 354. Give q(-27).
-111
Let x(t) = 7*t**2 + 8*t - 16. Give x(4).
128
Let n(o) = 6*o**3 - 30*o**2 + 4*o - 16. What is n(5)?
4
Let k(q) = q**3 + 17*q**2 + 22*q + 366. What is k(-17)?
-8
Let b(a) = a**3 + a**2 - 29*a - 3. Calculate b(-6).
-9
Let d(y) = -3*y**3 + 91*y**2 - 29*y + 130. Give d(30).
160
Let w(u) = u**3 + 107*u**2 + 103*u - 204. Give w(-106).
114
Let q(b) = 18*b - 10. Calculate q(0).
-10
Let l(z) = 4*z**2 - 9*z - 31. Calculate l(9).
212
Let f(o) = -75*o + 1924. What is f(27)?
-101
Let u(c) = 5*c**2 - 84*c + 172. Calculate u(14).
-24
Let y(p) = p**3 - 8*p**2 - 150*p - 51. What is y(17)?
0
Let o(h) = 3*h**2 + 37*h - 116. Determine o(8).
372
Let k(c) = 267*c - 11479. What is k(43)?
2
Let h(j) = -6*j**3 + 42*j**2 - 8*j + 33. Give h(7).
-23
Let y(k) = 14*k - 228. What is y(3)?
-186
Let r(p) = -p**3 - 4*p**2 + 100*p - 32. What is r(8)?
0
Let g(t) = -2*t + 294. Determine g(-88).
470
Let g(y) = -2*y**3 + 45*y + 98. Give g(-2).
24
Let k(p) = -332*p + 21. Determine k(-1).
353
Let w(g) = g**2 + 383*g - 2303. Calculate w(6).
31
Let b(n) = -2*n**2 + 63*n - 391. Give b(11).
60
Let a(f) = -f**2 + 61*f - 791. Determine a(19).
7
Let f(q) = -25*q**2 + 1184*q + 2010. Give f(49).
1
Let z(v) = 192*v - 1157. Calculate z(4).
-389
Let z(q) = q**3 - 37*q**2 - 35*q - 20. Determine z(38).
94
Let h(x) = 2*x**3 - 18*x**2 - 32*x + 388. Give h(8).
4
Let c(z) = -674*z**2 + 1341*z + 9. What is c(2)?
-5
Let q(d) = 2*d**2 - 33*d + 309. Calculate q(14).
239
Let y(t) = -2*t**3 + 6*t**2 + 76*t + 71. What is y(-1)?
3
Let w(x) = 2014*x + 12078. Determine w(-6).
-6
Let j(d) = -45*d**2 - 4769*d + 101. Give j(-106).
-5
Let o(n) = 86*n + 63. Give o(-5).
-367
Let c(a) = -210*a - 571. What is c(-4)?
269
Let f(x) = 225*x - 1151. What is f(5)?
-26
Let i(o) = -588*o - 112897. Determine i(-192).
-1
Let r(z) = z**2 + 57*z - 2493. What is r(29)?
1
Let t(h) = -h**3 + 3*h**2 + 1185*h - 4726. Give t(4).
-2
Let u(q) = -23*q**2 + 691*q - 32. Determine u(30).
-2
Let v(y) = 236*y**2 + 4485*y + 21. Determine v(-19).
2
Let u(c) = 5*c**2 + 130*c + 51. Calculate u(-25).
-74
Let c(a) = 15*a + 161. Calculate c(-13).
-34
Let i(l) = 154*l + 18. Give i(1).
172
Let h(q) = 6*q**2 + 33*q - 65. Give h(2).
25
Let j(u) = -7*u + 86. Calculate j(-17).
205
Let r(s) = -3*s**3 + 15*s**2 - 34*s + 81. Calculate r(4).
-7
Let b(k) = 31*k**2 + 314*k + 10. What is b(-10)?
-30
Let l(z) = -z**2 - 74*z - 387. What is l(-6)?
21
Let z(i) = 10*i**3 - 59*i**2 + 60*i - 389. What is z(6)?
7
Let w(a) = -a**3 - 186*a**2 + 560*a - 1321. Give w(-189).
2
Let c(w) = -w**2 + 41*w - 211. Determine c(6).
-1
Let v(n) = n**3 + 4*n**2 - 227*n + 1049. Determine v(7).
-1
Let m(f) = -f + 21. Give m(-16).
37
Let v(r) = -3*r**3 + 13*r**2 + 17*r - 27. Calculate v(7).
-300
Let w(a) = -a**3 - 2*a**2 + 195*a + 761. What is w(-4)?
13
Let t(o) = o**3 - 26*o**2 + 101*o + 10. Calculate t(21).
-74
Let y(q) = 19*q**2 + q + 8. Calculate y(-4).
308
Let g(v) = -v**2 - 144*v + 448. Determine g(-147).
7
Let c(q) = -1846*q + 22139. What is c(12)?
-13
Let a(r) = -3*r**3 + 64*r**2 - 6*r - 326. Calculate a(21).
-11
Let a(q) = 3*q**2 - 220*q + 365. Give a(72).
77
Let d(r) = r**3 + 15*r**2 + 41*r - 109. Give d(-8).
11
Let l(o) = -29*o + 765. Determine l(28).
-47
Let c(p) = -4*p**2 + 450*p - 11172. What is c(37)?
2
Let d(m) = 2*m - 288. Calculate d(27).
-234
Let u(v) = 3*v**3 - 88*v**2 - 157*v + 1